 of 1114 and 340.
2
What is the highest common divisor of 184 and 256?
8
Calculate the highest common divisor of 1358 and 310012.
194
Calculate the greatest common divisor of 4269735 and 4764.
1191
Calculate the highest common factor of 17290 and 1425.
95
What is the greatest common divisor of 2755 and 8207?
29
Calculate the greatest common divisor of 8526 and 7424.
58
Calculate the greatest common divisor of 68835 and 510.
15
What is the highest common factor of 35143 and 791?
113
Calculate the highest common factor of 218241 and 81.
27
What is the greatest common divisor of 146 and 526622?
146
Calculate the greatest common factor of 22290 and 30.
30
What is the highest common factor of 295 and 1335?
5
What is the greatest common factor of 45 and 311595?
15
What is the highest common divisor of 3 and 3090111?
3
Calculate the highest common divisor of 378375 and 40.
5
Calculate the greatest common factor of 41071 and 16551.
613
Calculate the highest common divisor of 175616 and 23667.
343
Calculate the greatest common factor of 47 and 23077.
47
Calculate the highest common factor of 878157 and 3.
3
What is the greatest common divisor of 498329 and 104?
13
What is the highest common factor of 22260 and 1470?
210
Calculate the highest common factor of 75 and 2165.
5
Calculate the greatest common factor of 1619010 and 270.
90
What is the highest common divisor of 375 and 38850?
75
Calculate the greatest common factor of 1954620 and 1260.
180
What is the highest common divisor of 8316 and 8239?
77
What is the greatest common divisor of 2055 and 1560?
15
Calculate the greatest common divisor of 6650 and 43450.
50
What is the highest common divisor of 3792 and 17538?
474
What is the highest common divisor of 169548 and 426?
426
What is the highest common divisor of 112021 and 273?
91
Calculate the greatest common divisor of 64844 and 126334.
1118
Calculate the highest common factor of 33856 and 48024.
184
Calculate the greatest common divisor of 74152 and 207.
23
What is the greatest common divisor of 3920 and 16560?
80
What is the highest common factor of 3068 and 13924?
236
Calculate the greatest common factor of 86043 and 516.
129
What is the highest common factor of 32 and 116736?
32
What is the highest common factor of 24829 and 91?
7
Calculate the greatest common divisor of 298326 and 294.
42
What is the highest common divisor of 6642 and 67322?
82
What is the highest common divisor of 348753 and 1414?
101
What is the highest common factor of 57233 and 946?
473
Calculate the greatest common factor of 411 and 1467.
3
Calculate the greatest common factor of 32784 and 72.
24
Calculate the greatest common divisor of 45 and 710375.
5
What is the highest common divisor of 675 and 74331?
27
What is the greatest common divisor of 8740 and 260820?
460
What is the highest common divisor of 2608 and 16?
16
What is the highest common factor of 941621 and 19?
19
What is the highest common factor of 1564 and 1702?
46
Calculate the greatest common factor of 63 and 148491.
63
Calculate the highest common factor of 33228 and 7020.
468
Calculate the highest common divisor of 88 and 13717.
11
What is the greatest common divisor of 2652 and 134784?
156
Calculate the greatest common divisor of 2775 and 5955.
15
Calculate the greatest common factor of 5726064 and 48.
48
Calculate the highest common divisor of 680 and 374.
34
Calculate the highest common factor of 3878740 and 20.
20
Calculate the highest common divisor of 4532 and 16.
4
What is the greatest common factor of 1027014 and 6?
6
What is the greatest common factor of 140113 and 334?
167
What is the highest common divisor of 1713 and 1929?
3
What is the highest common factor of 475 and 1286015?
95
Calculate the greatest common divisor of 117 and 38079.
9
What is the greatest common factor of 2145716 and 368?
92
Calculate the highest common factor of 51007 and 33.
11
Calculate the highest common factor of 1260 and 64920.
60
What is the highest common factor of 668507 and 49?
49
Calculate the highest common divisor of 180 and 81990.
90
What is the greatest common divisor of 13260 and 429780?
780
What is the greatest common factor of 22 and 68827?
11
Calculate the highest common factor of 63 and 2394672.
21
What is the greatest common divisor of 63408 and 3792?
48
Calculate the greatest common factor of 39593 and 9248.
289
Calculate the greatest common factor of 26 and 592865.
13
What is the greatest common factor of 8264 and 2904?
8
What is the greatest common factor of 20618 and 3042?
338
What is the highest common divisor of 795852 and 216?
108
What is the highest common divisor of 117612 and 92444?
484
What is the highest common divisor of 210 and 227880?
30
Calculate the highest common divisor of 1326 and 137462.
442
What is the greatest common divisor of 18537 and 16533?
501
Calculate the greatest common factor of 458576 and 16.
16
What is the greatest common divisor of 1 and 5030?
1
What is the greatest common divisor of 72 and 5892?
12
Calculate the greatest common divisor of 132800 and 1162.
166
What is the greatest common factor of 89875 and 250?
125
Calculate the greatest common factor of 13 and 1565603.
13
What is the greatest common factor of 171 and 4978?
19
Calculate the greatest common factor of 124415 and 15.
5
What is the highest common factor of 40678 and 3139?
43
What is the highest common divisor of 15647016 and 336?
168
Calculate the highest common divisor of 225 and 9225.
225
Calculate the greatest common divisor of 78 and 609375.
39
What is the greatest common factor of 64534 and 246?
82
What is the greatest common divisor of 2325 and 2550?
75
Calculate the highest common factor of 509278 and 770.
154
Calculate the greatest common divisor of 4065259 and 76.
19
What is the highest common factor of 41795 and 11830?
65
What is the highest common divisor of 395267 and 323?
17
What is the greatest common factor of 24462 and 805887?
1359
Calculate the highest common divisor of 17 and 157954.
1
Calculate the greatest common divisor of 150 and 22146.
6
Calculate the greatest common factor of 46248 and 105186.
282
Calculate the greatest common factor of 1447653 and 1367.
1367
What is the greatest common factor of 356626 and 1156?
578
Calculate the highest common factor of 903 and 6192.
129
What is the highest common factor of 273 and 1404?
39
Calculate the highest common divisor of 29 and 48401.
29
Calculate the highest common divisor of 1882041 and 147.
147
Calculate the greatest common divisor of 501 and 159.
3
What is the greatest common divisor of 1023747 and 381?
381
Calculate the highest common divisor of 2 and 248382.
2
Calculate the greatest common factor of 392312 and 145.
29
Calculate the highest common factor of 1258 and 29082.
74
Calculate the greatest common factor of 3619 and 26873.
77
What is the highest common divisor of 1824 and 39596?
76
Calculate the greatest common factor of 1239 and 10325.
413
What is the highest common factor of 4665 and 840?
15
Calculate the highest common divisor of 1511983 and 22.
11
What is the highest common factor of 200960 and 1216?
64
What is the highest common divisor of 1616 and 85749?
101
Calculate the highest common divisor of 1767 and 124279.
589
What is the highest common divisor of 5960 and 1800?
40
What is the greatest common factor of 120087 and 1584?
99
What is the highest common factor of 1 and 171491?
1
What is the greatest common divisor of 4550 and 560?
70
Calculate the greatest common divisor of 19926 and 3362.
82
Calculate the greatest common divisor of 3456 and 44.
4
Calculate the highest common factor of 121362 and 1253.
179
Calculate the greatest common divisor of 208690 and 1148.
82
Calculate the highest common factor of 204 and 24004.
68
Calculate the greatest common factor of 14721 and 147.
21
What is the highest common factor of 2112 and 27444?
12
What is the greatest common divisor of 140 and 485?
5
Calculate the highest common divisor of 591 and 45.
3
What is the highest common divisor of 851 and 259?
37
Calculate the highest common divisor of 14 and 12229.
7
Calculate the greatest common divisor of 128 and 36416.
64
What is the greatest common factor of 15738 and 7783?
43
Calculate the greatest common factor of 110834